 -c*x = -16*x - 6192. What are the prime factors of x?
2, 43
Suppose -2 = 7*w - 128. Let y be w/(-6)*88/3. What are the prime factors of (-24*(-1)/5)/(y/(-2420))?
2, 3, 11
What are the prime factors of 11149 - ((-21 - -22) + -3 + 0 - 3)?
2, 3, 11, 13
Suppose 98 = i - 1404. List the prime factors of i.
2, 751
Suppose -49*x = -155*x + 2302744. List the prime factors of x.
2, 5431
Let t be 16 + -6*(2 + -1). Suppose -t*k + 1 = -9*k, 0 = 5*i + 4*k - 1834. List the prime factors of i.
2, 3, 61
Let m be (-15)/(1 + 0/(-5)). Let l be ((-5380)/6)/(6 - (-100)/m). Suppose l = 5*y + 525. What are the prime factors of y?
2, 41
Let q(v) = -v**2 + 67*v - 34. Let j be q(15). Let i = j - 52. List the prime factors of i.
2, 347
Let r(f) = 389*f - 6246. List the prime factors of r(38).
2, 11, 97
Let h(d) = -2*d**3 - 20*d**2 - 175*d - 23. What are the prime factors of h(-19)?
2, 5, 7
Let v = 77 - 56. Suppose -4*x + 21 = -w + 2, -w - 4*x + v = 0. Let c(u) = 90*u**2 + 2*u - 2. What are the prime factors of c(w)?
2, 3, 5
Suppose 2*t - 28 = -5*t. Suppose 3*y - 847 = -t*q, -2*y - 2*q = 2*y - 1116. Let v = y - 152. List the prime factors of v.
5
Let k(t) be the third derivative of -t**6/120 + 19*t**2. Let h(a) = -4*a**3 - a**2 - 1. Let s(j) = h(j) - 5*k(j). What are the prime factors of s(2)?
3
Let n be ((-8)/(-28) + -2)/(5/(-35)). List the prime factors of 304/(-10)*(2 - (0 + n)).
2, 19
Let a = 148 - -2402. Let f = a + -1422. What are the prime factors of f?
2, 3, 47
Let h(b) = 68*b**2 - 31*b + 332. What are the prime factors of h(12)?
2, 23, 53
Let k = 173797 + -101934. What are the prime factors of k?
11, 47, 139
Let g(l) = -l**3 + 6*l + 8. Let a be g(4). Let c = a - -41. Suppose -c*s - 316 = -4*d - 14*s, 4*d - 5*s - 276 = 0. List the prime factors of d.
2, 37
Let w(a) = -a + 18. Let b be w(9). List the prime factors of -2 - -613 - (-34 + -2)/b.
3, 5, 41
Suppose -11057 = 25*t + 10643. Let s = -172 - t. What are the prime factors of s?
2, 3, 29
Let m(l) = 1747 + 23*l - 1638 + 40*l. List the prime factors of m(0).
109
Let h(y) = 22*y + 824. What are the prime factors of h(102)?
2, 13, 59
Let v be 3/((-60)/3068) + 2/5. Let k = v + 266. List the prime factors of k.
113
Suppose 9734 = -16*d + 78*d. Suppose 2*r + 8 = 3*n - 7, n - 2*r = 9. Suppose d = 4*k - 2*i - 47, n*i - 214 = -4*k. List the prime factors of k.
2, 13
Let u = 708 - -4252. What are the prime factors of u?
2, 5, 31
Suppose 2*f - 10 = -2*h + 12, h + 2*f - 8 = 0. What are the prime factors of (h/4 - 2)*160?
2, 3, 5
Let j be -5*(9/5 - 1)/(-2). Suppose -y = -0*y - 4*c - 211, -816 = -4*y + j*c. List the prime factors of y.
7, 29
Suppose 1793583 = -749*t + 830*t. List the prime factors of t.
3, 11, 61
Suppose 6*h + 28891 = 77929. What are the prime factors of h?
11, 743
Let d = 2108 + 1258. What are the prime factors of d?
2, 3, 11, 17
Suppose 13311 = z - 4*x, -2*x + 4915 - 58047 = -4*z. List the prime factors of z.
7, 271
Suppose 226*o + 2610268 = 9117486. List the prime factors of o.
28793
Suppose 4*h + 16 = 4*m, -3*m + h = -4*h - 18. Let r(b) = -31*b + 14. Let c(u) = 15*u - 6. Let j(d) = -5*c(d) - 3*r(d). List the prime factors of j(m).
2, 3
Suppose 20 = a + 15. Suppose a*w - 2960 = -5*k, -w - w - 4*k = -1182. Suppose 3*d - b - 523 = 64, -3*d - 5*b = -w. What are the prime factors of d?
2, 7
Let f(k) = 7*k**2 - 35*k + 95324. What are the prime factors of f(0)?
2, 23831
Let t be 33*((6 - 2)/(-1) + 1). Let s = t - -101. Suppose -w + s*l + 292 = -3*l, 5*w + 2*l - 1352 = 0. What are the prime factors of w?
2, 17
Let z be -2*(-3)/14 - (-130887)/63. Suppose 2*r - 5*r + z = -4*m, -688 = -r - m. List the prime factors of r.
2, 3, 5, 23
Let c be (-19 + 7 - -16)/(-1 - 1). What are the prime factors of (-404)/c*(31 - 30)?
2, 101
Suppose 10*k - 1794 = -524. Suppose 2*n - 2624 = -5*p, -659 = -p + 2*n - k. Suppose -4*i + 387 = -5*r, -4*i - r - 109 + p = 0. List the prime factors of i.
103
Let x be -46*1 + -4 + -3. Suppose 348 = -2*f - q, 0 = -q + 2*q + 4. Let s = x - f. List the prime factors of s.
7, 17
Suppose 0 = -4*q, 3*l = q + 2*q + 15. Suppose -2*z - 5*m = -4*z + 86, -l*m = -4*z + 192. Suppose z = -6*b + 701. List the prime factors of b.
2, 3
Suppose -5 - 5 = -y. Suppose 0 = -y*m + 11*m + 2. What are the prime factors of 330/4 + 3/m?
3
Suppose x = -2*w + 26, 2*w - 4 = 4*x + 2. Suppose 3*s - w = -110. Let i = 80 + s. What are the prime factors of i?
47
List the prime factors of 287900/11 + 78/(-4576)*-16.
7, 3739
Suppose 5*i + 3*t - 121 + 10 = 0, 0 = -2*t + 4. What are the prime factors of (-14)/i*2763/(-6)?
307
Suppose -4*c = -5*p - 70437, 66*c - 2*p = 68*c - 35232. What are the prime factors of c?
3, 19, 103
Let f = 2328 - -1152. List the prime factors of f.
2, 3, 5, 29
Let r = 7540 - 1764. List the prime factors of r.
2, 19
Let q = 18 + -9. Let m be 140/(-189)*-3 - (-4)/(-18) - -40. Let v = q + m. What are the prime factors of v?
3, 17
Let c(k) = -23*k**3 - 2*k**2 - 6*k + 15. Let f be c(5). List the prime factors of (12/7)/((-40)/f).
2, 3, 7
Let p(u) = u + 7. Let a be p(-5). Suppose 0 = 3*w - a*w + 124. Let n = 262 + w. What are the prime factors of n?
2, 3, 23
Let k be 20/(-6)*77/(385/6). Suppose 3*n - 2*p - 78 = 7*n, -2*n = 3*p + 33. What are the prime factors of (1 + k)/(n/(-14)) - -6?
2
Let y(v) = -v**3 + 90*v**2 - 792*v + 51. List the prime factors of y(78).
3, 3761
Let h(z) = -z - 234. Let o be h(0). Suppose u + 1696 = 5*n, 4*n + 5*u = 6*n - 660. Let l = n + o. What are the prime factors of l?
2, 53
Let t(d) = -d. Let z(j) = 2*j + 6. Let v(f) = 3*t(f) - z(f). Let k be v(-2). Suppose k*o - 441 = 2*o + 5*s, 0 = 5*s - 5. List the prime factors of o.
223
Let m = 11384 - 6123. List the prime factors of m.
5261
Suppose -5*t + 3315 = -2*m, -2*t = 3*m - 515 - 792. Suppose -5*j - 217 = -b - 3*j, j = 3*b - t. What are the prime factors of b?
13, 17
Let p(q) = 5*q + 30. Let w = -22 - -43. Suppose 9*o + 15 = 4*o, -w = -2*l + o. List the prime factors of p(l).
3, 5
Let w = 180 + -177. Suppose -335 = -4*b - 5*k, -b - w*k = 32 - 121. List the prime factors of b.
2, 5
Let o = -35 + 30. Let b be 1 + -9 - (-10)/o. List the prime factors of 4/(-20) - 572/b.
3, 19
What are the prime factors of (-1)/(-20) - (-49763712)/2560?
7, 2777
Let i be ((-3 - -2)/(-2))/(2/(-276)). Let g = i - -77. Suppose -9*x - g + 98 = 0. What are the prime factors of x?
2, 5
Suppose 8*o + 57227 = 13*o - 3*n, -o = 2*n - 11448. What are the prime factors of o?
2, 59, 97
Let r(g) = -g**2 + 4*g + 48. Let z be r(9). List the prime factors of 2032/28 - z/(-7).
73
What are the prime factors of 3*2 + (-135999)/(-27) + 9/3?
2, 3, 29
Suppose -20*g - 3756 = -32*g. Suppose 18*w - 173 - g = 0. List the prime factors of w.
3
Suppose -40 = -5*h + 5*n, h + 3*n = n - 7. Suppose -2*l = c - 15, -6*c + 5 = l - h*c. Suppose -l*p = -3*p - 410. List the prime factors of p.
2, 41
Suppose -12*z = -3*x - 11*z + 4, 0 = 5*z - 25. Let q = -7 - -7. Suppose q*t + b - 170 = -t, -166 = -t + x*b. What are the prime factors of t?
13
Let s(q) = 3*q**2 - 4. Let v be (-286)/156 + (-2)/12. Let n be s(v). What are the prime factors of 3105/18*n/10?
2, 3, 23
Let b be 1/(18/(-86)) + 152/(-684). Let t(s) = 14*s**2 + 5*s - 13. List the prime factors of t(b).
2, 3, 13
Suppose -x - 5*r + 17410 - 2242 = 0, 4*x = -5*r + 60657. List the prime factors of x.
59, 257
Let y(z) = 266*z**2 - z - 3. Let t be y(-3). Suppose 2*w = -w - t. What are the prime factors of w/(-8) - (-1)/4?
2, 5
Suppose -27*d + 4094272 = 42*d - 17*d. What are the prime factors of d?
2, 7, 19, 37
Let j(u) = -28*u**3 - 8*u**2 - 15*u - 71. What are the prime factors of j(-6)?
5779
Let a(h) = 5*h - 43. Let q be a(9). List the prime factors of q/1*(263 + (2 - 2)).
2, 263
Suppose 0 = -22*l + 42*l - 440. Suppose 58*p - 45756 = l*p. List the prime factors of p.
31, 41
Let d be 508*11 - 1*(0 + 2). Suppose 4*a = -3*a + d. What are the prime factors of a?
2, 3, 7, 19
Let o be 70/3*(-8)/(16/(-6)). Let k = o + 479. List the prime factors of k.
3, 61
Let i be (1*-101)/((-6)/((-48)/(-8))). Suppose -i = -3*w - 4*r, 55 = w + 2*r - 6*r. List the prime factors of w.
3, 13
Suppose 5*b + 128823 = 5*g - 86042, g = 2*b + 42978. What are the prime factors of g?
2, 41, 131
Let c(w) = 6*w + 49. Let n be c(-1). Suppose -n*r + 29292 = -47463. What are the pr